y + 3*y - s. Let p(g) = -g**3 + g**2 + 3*g + 3. Let w be p(3). Determine f(w).
3
Let a(x) = -x**2 + 10*x - 1. Suppose 0 = -14*q + 43 + 125. Give a(q).
-25
Let b be 6/(-9) + 46/6. Suppose 5*f - 3 = b. Let h(o) = o**2 + 1. Give h(f).
5
Let x be 17 + (-8 - -2)*3/6. Let n = x - 20. Let f(t) = 2*t**2 - t**2 + 4*t + 2 - 9. Determine f(n).
5
Suppose 9*m = 11*m - 30. Let q(s) = -3*s + 45. Let a be q(m). Let z(b) = b**3 + b**2 + b - 4. Calculate z(a).
-4
Let v(x) = -x + 12. Let l be v(16). Let c(g) = 8*g + 4. Let p(w) = -7*w - 3. Let a(j) = l*c(j) - 5*p(j). Calculate a(3).
8
Suppose -5*r - 113 = -3*z - 8, -44 = r + 4*z. Let y be ((-6)/r)/(1/12). Suppose 5*x + y + 17 = 0. Let b(f) = -f - 1. What is b(x)?
3
Let r = -8 - -11. Let c(q) be the first derivative of -q**5/30 + q**4/8 + 2*q**3/3 - 17*q**2/2 - 10. Let z(g) be the second derivative of c(g). Give z(r).
-5
Let g(c) = -3*c**3 + c**2 + 2*c + 2. Let f be g(-1). Suppose b - 5*x = -4, 0*b + f = -b - x. Let d(n) = 4*n + 3. What is d(b)?
-13
Let w(p) = p**3 + 0 - p + 6*p - 3 + p + 0*p + 6*p**2. What is w(-5)?
-8
Let n(b) = 23*b + 24*b - 49*b + 3 - 4. Calculate n(-2).
3
Let r(w) = -2*w + 15. Let g(j) = -2*j + 16. Let b(v) = -4*g(v) + 5*r(v). Give b(8).
-5
Suppose 36*t - 38*t = 12. Let p(y) = -13*y**2 - 5*y - 11. Let w(m) = 37*m**2 + 15*m + 32. Let x(r) = t*w(r) - 17*p(r). Let d = 7 - 11. Calculate x(d).
-1
Let l be 2/9*(-9)/384*-8. Let x(c) be the third derivative of 0*c**3 + 0*c + 0 - 3*c**2 - l*c**4. Give x(0).
0
Let x(a) = 6*a**3 - 39*a**2 - 61*a - 56. Let s(g) = -g**3 + 8*g**2 + 12*g + 11. Let d(u) = 11*s(u) + 2*x(u). Let m be d(-9). Let j(n) = n + 9. What is j(m)?
9
Let l(j) be the first derivative of -j**2 - 14 - 1/4*j**4 - 2*j - 4/3*j**3. Determine l(-4).
6
Let s(a) = 3*a - 2 + 12*a**2 - 10*a**2 - 4*a**2. Determine s(2).
-4
Suppose 43*u + 9 = 42*u. Let b(p) = p**3 + 8*p**2 - 11*p - 5. Determine b(u).
13
Suppose -3*x + 2*s = 2*x + 1, x = s - 2. Let j(v) = -213*v + 130*v + 100*v - 1. Calculate j(x).
16
Let t(y) be the first derivative of -y**4/4 - 5*y**3/3 - 2*y**2 - y - 62. What is t(-4)?
-1
Let a(s) = -131*s + 130*s + 0 - 1. Suppose -2*w - 4 = 2*w. Let r be 1 - (5 + (w - 1)). What is a(r)?
1
Let q(p) = -5*p**3 - 14*p**2 - 6*p - 1. Let n(j) = 4*j**3 + 13*j**2 + 7*j + 2. Let v be 15/4 - 15/(-60). Let f(k) = v*n(k) + 3*q(k). What is f(-9)?
-4
Let u(j) be the first derivative of j**4/4 - 3*j**3 - 6*j**2 + 14*j - 1041. What is u(10)?
-6
Let m(o) = 7*o**2 - o + 9. Let x(l) = -6*l**2 - 8. Let u(c) = 5*m(c) + 6*x(c). Calculate u(-4).
1
Let q(u) be the second derivative of u**5/20 + u**4/2 + u**3/6 - u**2 - 11*u - 3. Give q(-6).
-8
Let f(c) = 24*c + 244. Let l be f(-10). Let t(d) = 4*d + 1. Give t(l).
17
Suppose 5*y = -4*h + 11, -4*y + 0*h + 10 = 2*h. Let v(j) = -3*j**3 - j**y + 0*j**3 - 6*j**3 + 1. Give v(-1).
11
Let x(k) be the first derivative of -k**2/2 + 6*k - 9. Let y(t) = t**3 - 14*t**2 - 33*t + 21. Let g be y(16). Determine x(g).
1
Let w(d) = d**2 - 7*d + 7. Let j be 2/(-4)*-2*-1. Let i be j/(-2)*-2*-1. Let r(m) = 6*m**3 - m**2 - m + 1. Let v be r(i). Calculate w(v).
-3
Let d(l) be the third derivative of -l**4/24 - 2*l**3/3 + 108*l**2 - 2*l. Give d(4).
-8
Suppose -14 = 2*u + 2*p, -2*u + 2*p + 4 = 10. Let h(j) = j**3 + 4*j**2 - 4*j + 4. Calculate h(u).
-1
Let q(y) = y**3 + 7*y**2 + 4*y - 7. Let v = -250 - -244. Determine q(v).
5
Suppose 3*z = l - 28 + 16, -4*l + 18 = 3*z. Let c(m) = 14*m - 1. Let a(r) = 21*r - 1. Let h(w) = -5*a(w) + 7*c(w). What is h(z)?
12
Let r(t) = t + 5. Suppose 10*m - 320 = 42*m. Give r(m).
-5
Let u(x) = 6*x**2 - 1. Let k = -164 - -100. Let b = -65 - k. Determine u(b).
5
Let t(r) be the third derivative of -r**5/60 - 11*r**4/24 + r**3 - 3*r**2 + 5*r. Determine t(-10).
16
Let m(z) = 4*z**2 + 2 - 2*z**2 - z**2 - 8*z. Let y = -654 - -657. Determine m(y).
-13
Let b(v) = -v**3 + 4*v**2 + 8*v - 7. Let o be ((-41)/(-82))/(1/10). Determine b(o).
8
Let j(v) = 6*v + 1. Suppose -4*s - 27*s - 62 = 0. Give j(s).
-11
Let c(s) = s**2 - 7*s + 3. Suppose -28*j = -30*j + 390. Let v be 2/(-4) + j/30. Give c(v).
-3
Let l(r) be the first derivative of r**4/4 + 14*r**3/3 - 17*r**2/2 - 20*r - 148. Determine l(-15).
10
Let r(c) = c**3 - 3*c**2 + 2*c + 2. Let x be r(2). Let n(j) = -5*j + 1. Calculate n(x).
-9
Let q be (0 - (-1 + 0))*1. Let j = 120 - 117. Let g be (-2)/(-4)*(q - j). Let r(a) = -10*a**3 - 1. Determine r(g).
9
Let q(i) = -3*i + 6*i + 0*i. Suppose -c + 5*g + 104 - 105 = 0, -5*c + 3*g - 5 = 0. Give q(c).
-3
Let k(v) = -v + 5. Let a(r) = -9*r - 3. Let x be a(5). Let p be x/(-10) - (-3)/15. Determine k(p).
0
Suppose 2*x = 3*d + 1, -d + 2*x = 4*d - 1. Suppose -8*i + 7*i = -d. Let q(j) = j**3 - j**2 + 1. What is q(i)?
1
Let b(g) = 4*g - 1 + g - 6*g. Suppose 87 - 141 = 9*t. Calculate b(t).
5
Let g(d) = -14124*d**2 + 0*d + d + 4*d + 3*d - 4 - d**3 + 14125*d**2. Give g(3).
2
Let q(n) = n**3 - 21*n**2 + 23*n - 70. Let b be q(20). Let l(f) = f + 8. Determine l(b).
-2
Let v(b) = -b**3 - 2*b**2 + 2*b - 9. Suppose 28 = -j + 5*z, -5*j = -10*j - 5*z + 10. Determine v(j).
-6
Let b(h) = -11*h**2 - 12*h - 6. Let c(v) = -18*v**2 - 24*v - 11. Let k(l) = -5*b(l) + 3*c(l). Determine k(12).
-3
Let b(r) = 6 + 0*r + 0*r + 12*r - r. Let u(f) = 7*f + 4. Let x(g) = 5*b(g) - 8*u(g). Determine x(4).
-6
Let v(b) = b**2 + b - 7. Let g be v(2). Let q(p) = p**2 + 1. Let w(o) = -4*o**2 + 1. Let z = 3 + -5. Let t(h) = z*q(h) + w(h). What is t(g)?
-7
Let u(g) be the first derivative of g**4/4 - g**2/2 - g + 2. Let l be (-1)/2*(-7 + 1). Let s be (l + -2)*(3 - 1). What is u(s)?
5
Suppose -12 = -4*c + 4*y, 7 = 2*c - 3*y - 0. Let i(z) be the second derivative of -z**2 - 1/6*z**3 + 0 - 1/12*z**4 + 2*z + 1/20*z**5. Calculate i(c).
0
Suppose -d = 4*t + t + 35, 4*t = 3*d - 9. Let n(s) = 45*s**2 - 9. Let o(c) = 23*c**2 - 5. Let y(b) = t*n(b) + 11*o(b). What is y(1)?
-18
Let b(n) = 3*n**2 - 1. Suppose f = -6*f + 42. Suppose -3*t - 3*p = -6 - f, -2*p + 5 = 5*t. What is b(t)?
2
Let a(n) = -9*n**2 - 25*n - 4. Let l be a(-3). Let c(r) = -r**3 - 10*r**2 - 2*r - 11. Calculate c(l).
9
Suppose 2*q = 5*a - 0*a + 7, -2 = 4*a + 2*q. Let r(f) be the third derivative of -f**4/8 - 4*f**2. Determine r(a).
3
Let l = -11 - -20. Suppose s - l = -3. Let c(r) = r**3 - 5*r**2 - 8*r + 7. Give c(s).
-5
Suppose 6*z + 33 = 57. Let y(c) be the first derivative of -z + 0*c**2 + 2/3*c**3 - c. Give y(-1).
1
Let y(k) = -29*k + 3. Let l = -1091 - -1092. Calculate y(l).
-26
Suppose -5*s + 2*s - 2*f = -2, -3*s + 2*f = -10. Suppose -9 + 43 = s*i + 5*h, 0 = i - 2*h + 1. Let w = i - 4. Let g(z) = -z**2 + 6*z - 3. What is g(w)?
6
Let w(d) be the second derivative of -d**3/3 - 4*d**2 + 16*d. Let q(x) = 7*x + 33. Let v(r) = 2*q(r) + 9*w(r). Calculate v(-4).
10
Let m(j) be the first derivative of -j**3/6 + 3*j**2/2 - 5*j - 10. Let i(w) be the first derivative of m(w). What is i(6)?
-3
Let j(i) = 402 + 411 + 27*i - 1146 + 474. Determine j(-5).
6
Let k(p) = -2*p**3 + 0*p**3 + 5 - 162*p**2 + 154*p**2 - 3*p**3 + 7*p**3. Give k(4).
5
Let w(t) = -18 + t + 2*t + 3*t - t - 4*t. Determine w(15).
-3
Let g(c) = c**2 - 4*c + 6. Let q(h) = h**3 - 5*h**2 - 5*h - 3. Let j be q(6). Suppose -4*o + 8 = 0, -2*f + j*f - 10 = -2*o. Calculate g(f).
18
Let i(o) = -4*o - 10. Let q(k) = 2*k. Let b(t) = -i(t) - 3*q(t). Determine b(7).
-4
Suppose 4*b - 5 = 15. Let m(w) be the first derivative of 1/2*w**2 - 1 + b*w. Determine m(-6).
-1
Let h(j) = -11*j + 135. Let t be h(13). Let z(k) = -k**2 - 9*k - 10. Calculate z(t).
-2
Let k(m) = -5*m**2 - m + 1. Suppose -2 + 0 = -n. Let y be 3/n - 5/10. Let v be k(y). Let s(u) = 4*u + 6. Give s(v).
-14
Let i(l) = 1 - 2*l + 2*l**2 + 6 + 3 + 10 - 12. Give i(4).
32
Let n = -11 - -11. Let u(g) = -g + n - 1 + 8. Determine u(6).
1
Let b(n) be the second derivative of -n**5/60 + n**4/4 + 11*n**3/6 - 5*n. Let y(u) be the second derivative of b(u). Determine y(4).
-2
Let p(j) be the third derivative of 0 - 1/6*j**3 - 25*j**2 + 0*j + 1/24*j**4. Determine p(7).
6
Suppose -t - 10 = 9*t. Let z(p) = -3*p**3 + 2*p**2 + p. Let k be z(t). Let h(d) = -d**2 + 1. Determine h(k).
-15
Let y(c) be the third derivative of -1/24*c**4 + 0*c - 3/2*c**3 + 0 + 9*c**2. Determine y(0).
-9
Suppose 1 = 5*n - 9. Let z be 5/(-15) - 1/(-3). Let t(m) = 0 + z + 1 - 4*m + 0. Give t(n).
-7
Let t(g) 